
Calculate the greatest common factor of 2 and 64292.
2
Calculate the greatest common factor of 936540 and 99.
99
Calculate the greatest common factor of 67412 and 114.
38
Calculate the highest common factor of 2963585 and 47.
47
Calculate the greatest common factor of 572222 and 98.
98
What is the greatest common factor of 2436528 and 48?
48
Calculate the highest common divisor of 18 and 177363.
9
What is the greatest common divisor of 133090 and 30?
10
Calculate the greatest common divisor of 4179532 and 28.
28
Calculate the highest common factor of 357 and 121443.
21
What is the highest common factor of 7875 and 455?
35
What is the greatest common factor of 32574 and 25254?
366
Calculate the highest common divisor of 110 and 141130.
110
What is the greatest common divisor of 73 and 341?
1
Calculate the greatest common divisor of 6540 and 118020.
60
What is the highest common divisor of 11632 and 30?
2
What is the highest common factor of 51294 and 31872?
498
Calculate the highest common divisor of 655 and 16264305.
655
What is the greatest common factor of 13332 and 17556?
132
Calculate the greatest common factor of 280919 and 235.
47
Calculate the greatest common factor of 216 and 40616.
8
Calculate the highest common divisor of 3836 and 2716.
28
What is the greatest common factor of 1515 and 175437?
303
What is the greatest common factor of 3850 and 440?
110
What is the highest common divisor of 3536 and 8704?
272
What is the greatest common divisor of 6336892 and 284?
284
Calculate the highest common divisor of 163675 and 2.
1
Calculate the greatest common factor of 242 and 9559726.
242
What is the highest common divisor of 188 and 22748?
188
Calculate the greatest common factor of 386 and 1176.
2
Calculate the greatest common divisor of 135882 and 108.
18
What is the greatest common divisor of 6539 and 23985?
13
Calculate the greatest common factor of 158 and 765431.
79
What is the highest common divisor of 168313 and 74?
37
Calculate the highest common divisor of 1127 and 56448.
49
Calculate the greatest common factor of 910 and 273325.
65
What is the highest common factor of 4953 and 1391?
13
What is the highest common factor of 731 and 13631?
43
Calculate the greatest common divisor of 15190 and 240.
10
Calculate the highest common divisor of 240 and 394600.
40
What is the greatest common divisor of 88 and 170401?
11
Calculate the highest common divisor of 72 and 261.
9
Calculate the highest common factor of 21 and 513.
3
What is the greatest common divisor of 968 and 4972?
44
Calculate the greatest common divisor of 230 and 28830.
10
What is the highest common factor of 47200 and 295?
295
What is the greatest common factor of 682 and 550?
22
Calculate the greatest common divisor of 25816 and 280.
56
Calculate the highest common factor of 1357 and 226067.
23
What is the greatest common divisor of 332 and 119852?
332
What is the greatest common divisor of 108507 and 273?
21
Calculate the highest common factor of 702 and 444574.
26
Calculate the highest common divisor of 48 and 1170216.
24
Calculate the greatest common factor of 763 and 1078.
7
What is the greatest common factor of 12480 and 1020?
60
Calculate the greatest common divisor of 206 and 5087582.
206
What is the highest common divisor of 6237 and 849123?
891
Calculate the highest common factor of 25507 and 477979.
1109
Calculate the greatest common factor of 27286 and 21.
7
Calculate the highest common divisor of 7846 and 32.
2
What is the greatest common factor of 826495 and 1175?
235
What is the greatest common factor of 54 and 39042?
54
Calculate the highest common divisor of 2458 and 8599313.
1229
What is the highest common factor of 9158 and 855?
19
Calculate the highest common divisor of 269584 and 249.
83
Calculate the greatest common factor of 46870 and 688.
86
Calculate the greatest common divisor of 715 and 5902.
13
What is the greatest common divisor of 10568 and 376?
8
Calculate the highest common factor of 13 and 877721.
13
What is the highest common factor of 95 and 16397?
19
What is the highest common factor of 819261 and 1539?
513
Calculate the greatest common divisor of 64 and 305608.
8
Calculate the highest common factor of 177429 and 5831.
833
What is the highest common factor of 72071 and 3715?
743
Calculate the highest common divisor of 72 and 8052.
12
Calculate the highest common factor of 886878 and 522.
522
Calculate the highest common divisor of 344 and 2323032.
344
Calculate the greatest common divisor of 8691 and 9.
3
What is the highest common factor of 41529 and 30099?
381
Calculate the highest common factor of 74811 and 253.
11
Calculate the highest common divisor of 510 and 4488.
102
Calculate the greatest common divisor of 994 and 726117.
497
Calculate the highest common factor of 50255 and 37559.
529
What is the greatest common factor of 32635 and 183?
61
Calculate the highest common factor of 57594 and 7282.
662
What is the highest common factor of 1685722 and 2636?
1318
Calculate the highest common factor of 4240 and 4624.
16
Calculate the greatest common divisor of 984 and 1256.
8
What is the greatest common divisor of 11889 and 6?
3
What is the greatest common factor of 137238 and 1424?
178
Calculate the highest common factor of 711 and 38157.
237
Calculate the highest common factor of 465 and 2535.
15
What is the greatest common factor of 29 and 11799607?
29
What is the greatest common factor of 774 and 67596?
258
What is the greatest common divisor of 265 and 6221829?
53
What is the highest common divisor of 76248 and 6264?
216
What is the greatest common divisor of 279 and 130913?
31
Calculate the greatest common factor of 1739 and 22977.
37
What is the highest common divisor of 4324 and 158108?
188
Calculate the greatest common divisor of 2832 and 10032.
48
Calculate the highest common factor of 572733 and 6.
3
What is the greatest common factor of 7191158 and 76?
38
What is the highest common factor of 91 and 23595572?
91
What is the highest common divisor of 320 and 3216?
16
What is the highest common divisor of 29382 and 2537?
59
What is the greatest common divisor of 9341934 and 694?
694
Calculate the highest common factor of 4350 and 150.
150
Calculate the highest common divisor of 331738 and 187.
187
Calculate the greatest common factor of 66088 and 176.
88
Calculate the greatest common factor of 3829 and 917.
7
What is the highest common divisor of 313850 and 250?
50
What is the greatest common divisor of 2064 and 4764?
12
What is the highest common divisor of 12 and 713916?
12
What is the highest common factor of 10230 and 25296?
186
Calculate the highest common factor of 20421 and 27.
9
What is the greatest common divisor of 21 and 761061?
21
What is the highest common divisor of 1168388 and 52?
52
What is the greatest common divisor of 9 and 171864?
9
Calculate the highest common factor of 5838 and 843174.
834
Calculate the greatest common divisor of 588 and 1857933.
147
Calculate the highest common divisor of 676 and 9502.
2
What is the greatest common factor of 12566 and 5974?
206
What is the greatest common factor of 144 and 4356?
36
What is the highest common divisor of 1708919 and 37?
37
Calculate the greatest common factor of 9215 and 38.
19
Calculate the greatest common factor of 48 and 1568712.
24
What is the highest common divisor of 1427900 and 550?
50
What is the greatest common factor of 186 and 937626?
186
Calculate the greatest common factor of 14712 and 108.
12
What is the highest common divisor of 16422 and 487662?
714
What is the greatest common factor of 45976 and 210?
14
Calculate the greatest common factor of 15296 and 16.
16
Calculate the greatest common divisor of 211 and 41989.
211
What is the greatest common divisor of 61056 and 4?
4
Calculate the greatest common divisor of 37563 and 2109.
57
What is the highest common factor of 62648 and 3247?
191
Calculate the highest common divisor of 484335 and 18.
9
Calculate the greatest common factor of 184414 and 5290.
46
Calculate the greatest common divisor of 113139 and 351.
117
Calculate the highest common factor of 3135 and 594.
33
Calculate the highest common factor of 16436 and 23492.
28
Calculate the greatest common divisor of 120009 and 10137.
32